the highest common factor of u and a?
4
Let s be 10/(5/90*4). What is the greatest common factor of s and 135?
45
Let a be (2 + -1)/(0 + -1). Let j be (a/(-2))/((-5)/(-120)). What is the highest common factor of j and 84?
12
Let p = 13 - -8. Suppose 56 = 4*v - 2*y, -3*v - 4*y + 42 = -3*y. What is the greatest common factor of v and p?
7
Suppose -d + 3*d = 114. Suppose v - 2*o + 0*o = 25, 0 = -5*v + o + 98. What is the highest common factor of d and v?
19
Let l = 53 + -28. What is the highest common divisor of 75 and l?
25
Let o = 7 - 5. Let r(t) = t**3 - t + 10 + 7*t**o + 5*t - 3*t. Let v be r(-7). Calculate the greatest common divisor of 3 and v.
3
Let r = -25 + 29. What is the highest common divisor of 2 and r?
2
Let w = 325 - 195. What is the greatest common divisor of 20 and w?
10
Let i be 5/((-20)/(-8)) - -1. Suppose i*x - o - 622 = 0, o - 206 = -3*x + 2*x. What is the greatest common divisor of x and 23?
23
Let g = 128 + -84. Let s = -8 - -12. Calculate the highest common factor of s and g.
4
Suppose g + z = 36, -4*z + 3*z - 36 = -g. What is the highest common divisor of g and 4?
4
Let s(b) = -b**3 - 6*b**2 - 6*b - 5. Let c be s(-5). Let q = 9 + c. Let l(g) = g**2 + 15*g + 3. Let h be l(-15). Calculate the highest common factor of q and h.
3
Let o = -5 - -35. Suppose 7*b = 2*b + 1200. What is the highest common factor of o and b?
30
Let a(i) = 91*i - 1. Let h(r) = -r**3 + 2*r**2 + 1. Let j be h(2). Let o be a(j). What is the highest common factor of 10 and o?
10
Let c be -1*(0 - 16) - 2. Let h = 7 - -16. Suppose -2*t + h = -33. Calculate the greatest common factor of c and t.
14
Let q = -16 - -32. Let l = -63 - -143. Calculate the highest common factor of q and l.
16
Suppose -2*f = f - 18. Calculate the greatest common factor of 6 and f.
6
Suppose 120 = 5*q - 3*n, -48 = -2*q + 3*n - 5*n. Calculate the greatest common divisor of q and 60.
12
Suppose -3*o = 7 + 2. Let y be o/5 - 408/(-30). Let f = 51 + 40. Calculate the greatest common divisor of y and f.
13
Suppose -4*g - 3489 = -s, 2*s - 5*s = -5*g - 4356. Let n be 2/8 + g/(-12). Let y = n - 28. What is the highest common divisor of y and 9?
9
Let o = 5 + -6. Let w(z) = -1 + 3*z**2 - 22*z**3 - 2*z**2 + 0. Let v be w(o). What is the highest common divisor of v and 55?
11
Let h(r) = 58*r - 4. Let g be h(2). Calculate the greatest common divisor of 16 and g.
16
Suppose -w + o - 1084 = -6*w, o + 860 = 4*w. Suppose 3*f = 51 + 21. Calculate the highest common divisor of f and w.
24
Suppose -2*h - 5*v = 1, 3*h + 0*h = -5*v + 11. What is the highest common factor of h and 84?
12
Suppose -5*i - 11 + 16 = 0. Suppose -4*j - 2*l = -12, 2*j + 9 = -5*l - i. What is the greatest common factor of j and 55?
5
Let o be 1 - (2 - 3)*937. Let v = -434 + o. Suppose 5*n = 4*p - v, n + 44 = 2*p - 208. Calculate the greatest common divisor of 14 and p.
14
Let i(s) = 22*s + 1. Let l be i(2). Suppose 0 = 17*b - 14*b - 15. What is the greatest common factor of b and l?
5
Suppose 5*l + 27 = 92. What is the highest common divisor of l and 13?
13
Let y = 39 + -10. Suppose -4*w + 118 = -62. Suppose 4*n = -5*o + 36 + w, -y = -n - 3*o. What is the greatest common factor of n and 7?
7
Let w be (4/10)/((-5)/(-25)). Suppose 18 = 3*x - 0*s - 3*s, 10 = 4*x + 3*s. Suppose -w*k = -x*k + 16. Calculate the highest common factor of k and 8.
8
Let r = -1 - -2. Let p(d) = -d**3 + 8*d**2 - 10*d - 17. Let n be p(5). What is the highest common divisor of n and r?
1
Let b(m) be the second derivative of m**4/12 - 3*m**3/2 - 7*m**2/2 + 3*m. Let u be b(11). What is the greatest common divisor of 165 and u?
15
Let o(h) = h**2 - 10*h + 7. Let c be o(10). Let x = 4 - -10. What is the highest common factor of x and c?
7
Let g(p) = 3*p + 7. Let q be g(7). What is the highest common factor of 308 and q?
28
Suppose -3*v = -2*v - 2. Let w be 0*(v + -5)/3. Suppose z - 4*j - 12 - 32 = w, 5*z + j - 178 = 0. What is the highest common divisor of z and 9?
9
Let v(g) = 73*g - 1. Let h be v(1). Suppose -c - 2*p - 92 = -4*c, 0 = 3*c + 3*p - h. Calculate the greatest common divisor of 70 and c.
14
Let n(c) = 12*c - 2*c - 2*c + c**2 + 3 - 11. Let v be n(-12). Let l = 100 + -40. Calculate the greatest common factor of l and v.
20
Let n be (0 + 0)/(-2 + 3). Let t = n - 1. Let j be 28/(-10)*(t + -4). Calculate the greatest common divisor of 14 and j.
14
Let d = -23 + 28. Let r(v) = -v**2 - 5*v - 2. Let t be r(-4). What is the greatest common divisor of t and d?
1
Suppose 0 = -5*w + w - 64. Let l = 27 + w. Suppose 3*a = f + l, -3*f - 8 = 3*a - 23. Calculate the highest common factor of 3 and f.
1
Let f = 37 - 33. What is the greatest common divisor of f and 40?
4
Let o(j) = -j**3 + 8*j**2 + 2*j - 4. Let k be o(8). What is the greatest common factor of 96 and k?
12
Let l(k) = -8*k + 11. Let s(c) = -4*c + 5. Let x(m) = 3*l(m) - 5*s(m). Let p be x(-7). What is the greatest common factor of p and 90?
18
Let f = -1 + 1. Suppose 4*p + 4*j + 12 = -f*p, -5*p = 2*j + 3. Let k be 2*(-26)/(-4) - p. Calculate the greatest common divisor of k and 30.
6
Suppose 0 = 6*j - 3*j - 27. Let l be (-2 + j)*9 + 1. Suppose p - 19 = 5*i + 4, -3*p + 18 = 2*i. What is the greatest common divisor of p and l?
8
Let x be (-1)/(-3) + (-28)/21. Let n = x + 3. Calculate the greatest common factor of 4 and n.
2
Let c be (80/(-10))/((-2)/1). Let s be (42/c)/(9/24). Let j = -2 + 6. Calculate the greatest common factor of j and s.
4
Suppose 19 = -5*c - d, -5*c + c - 5*d - 11 = 0. Let l = 14 + c. What is the highest common factor of 90 and l?
10
Let p = -13 - -19. Calculate the highest common divisor of 42 and p.
6
Let w be (153/(-36))/(1/(-20)). What is the greatest common factor of w and 34?
17
Let k be -3 - (-1 - 0)*4. Suppose 2*l = 3 - k. What is the highest common factor of l and 5?
1
Let t(d) = 8*d**2 - 4*d - 1. Let y = -5 - -1. Let n be t(y). Calculate the greatest common divisor of n and 13.
13
Let f(s) = -s**2 - 12*s - 7. Let i = -8 + -3. Let v be f(i). Calculate the greatest common factor of 20 and v.
4
Let z(j) be the first derivative of -j**2/2 + 7*j + 4. Let m be z(-5). Calculate the highest common divisor of 4 and m.
4
Let p be 3 - (-48 - 0)/(-3). Let a = 19 + p. Suppose -a*m + 4*m = -26. What is the greatest common factor of 26 and m?
13
Suppose a = -3*b + 86, -5*b + 203 - 61 = a. What is the greatest common factor of b and 42?
14
Let a = 37 + -12. What is the greatest common divisor of a and 200?
25
Suppose 4*m - 18 = t, -3*t + m - 7 = -4*t. Suppose -47 = -5*n + 23. Calculate the highest common divisor of t and n.
2
Let y = -14 + 17. Suppose -4*k - 87 = -287. Suppose 0 = -3*x + k - 14. Calculate the highest common factor of y and x.
3
Let v(w) = -w**2 + w + 7. Let s be v(0). Suppose k + 43 + 17 = 0. Let f = -32 - k. Calculate the greatest common factor of s and f.
7
Let c be ((-12)/24)/((-2)/52). Calculate the highest common divisor of c and 13.
13
Suppose -2*n + t - 3 = -18, -3*n = t - 25. Calculate the greatest common divisor of n and 24.
8
Let n(c) = -11*c**3 - 4*c**2 + 3*c. Let k be n(2). Let f be (k/(-2))/(5 + -6). Let i = f + 98. Calculate the highest common divisor of 7 and i.
7
Let p = -57 + 65. What is the greatest common divisor of p and 56?
8
Let k(g) = 2*g - 10. Let r be k(7). Let n(w) = w**2 - 3*w + 6. Let u be n(r). Calculate the highest common divisor of 70 and u.
10
Let n(l) = 0*l - 1 + l + l**2 - 6*l**2 - 6*l**2. Let w be n(1). Let r = 25 - w. What is the highest common divisor of 9 and r?
9
Suppose 2*q - 3*m = -2 + 22, 3*q - 11 = -5*m. Calculate the highest common divisor of q and 1.
1
Let k(x) = 4*x**3 + x**2 + x + 2. Let s be k(2). Let o(g) = -9*g - 2. Let f be o(-4). Suppose -f + 4 = -3*t. What is the greatest common factor of s and t?
10
Let i(y) = -4*y**3 - 2*y**2 + y - 2. Let l be i(-2). Calculate the greatest common factor of 20 and l.
20
Let a = 13 - 8. Suppose -5*u - 4*v - 62 = -3*u, 5 = -v. Let y = u + 46. Calculate the greatest common factor of a and y.
5
Let l be (-39)/(-26)*4/3. Let d be ((-14)/(-21))/(l/84). Calculate the greatest common divisor of 70 and d.
14
Let r be (-837)/(-6) - (-2)/4. Let d = -33 + 72. Let b = d + -25. Calculate the greatest common divisor of b and r.
14
Let a be ((-18)/24)/(2/(-32)). Let r = -156 - -276. Calculate the hig